 358238?
8
What is the hundreds digit of 92331?
3
What is the tens digit of 8235152?
5
What is the thousands digit of 13912834?
2
What is the tens digit of 387982?
8
What is the hundreds digit of 107389?
3
What is the hundred thousands digit of 15061255?
0
What is the thousands digit of 1084396?
4
What is the tens digit of 7345411?
1
What is the ten thousands digit of 3819018?
1
What is the thousands digit of 600001?
0
What is the thousands digit of 102438?
2
What is the ten thousands digit of 11682629?
8
What is the hundred thousands digit of 490043?
4
What is the tens digit of 68248?
4
What is the hundreds digit of 793234?
2
What is the units digit of 687925?
5
What is the hundred thousands digit of 393247?
3
What is the ten thousands digit of 250357?
5
What is the ten thousands digit of 13812397?
1
What is the tens digit of 150794?
9
What is the units digit of 74160?
0
What is the hundred thousands digit of 12186075?
1
What is the hundreds digit of 123795?
7
What is the hundreds digit of 841929?
9
What is the thousands digit of 654131?
4
What is the tens digit of 861247?
4
What is the units digit of 2444956?
6
What is the hundreds digit of 978636?
6
What is the hundred thousands digit of 822974?
8
What is the millions digit of 7307591?
7
What is the ten thousands digit of 121096?
2
What is the millions digit of 1972093?
1
What is the millions digit of 3820857?
3
What is the units digit of 20850094?
4
What is the hundreds digit of 86533?
5
What is the hundreds digit of 2299771?
7
What is the thousands digit of 169779?
9
What is the hundreds digit of 26370574?
5
What is the ten thousands digit of 3280225?
8
What is the ten thousands digit of 915356?
1
What is the tens digit of 1013950?
5
What is the thousands digit of 103971?
3
What is the hundred thousands digit of 10408802?
4
What is the tens digit of 12950137?
3
What is the hundred thousands digit of 27750172?
7
What is the thousands digit of 63075?
3
What is the units digit of 15024280?
0
What is the hundreds digit of 327667?
6
What is the hundred thousands digit of 207365?
2
What is the hundred thousands digit of 9954777?
9
What is the hundreds digit of 10494431?
4
What is the units digit of 18610766?
6
What is the millions digit of 13288902?
3
What is the ten millions digit of 20732852?
2
What is the ten thousands digit of 322286?
2
What is the tens digit of 502342?
4
What is the units digit of 1097135?
5
What is the units digit of 468786?
6
What is the hundreds digit of 1389884?
8
What is the hundreds digit of 132834?
8
What is the millions digit of 21301641?
1
What is the millions digit of 2747161?
2
What is the tens digit of 4448?
4
What is the units digit of 2213811?
1
What is the hundreds digit of 33233582?
5
What is the hundred thousands digit of 212380?
2
What is the hundreds digit of 1759960?
9
What is the ten thousands digit of 257579?
5
What is the hundreds digit of 6949659?
6
What is the ten thousands digit of 5721533?
2
What is the hundreds digit of 406576?
5
What is the hundred thousands digit of 505291?
5
What is the units digit of 417795?
5
What is the ten thousands digit of 1019989?
1
What is the thousands digit of 14443772?
3
What is the tens digit of 5358988?
8
What is the thousands digit of 1054339?
4
What is the hundred thousands digit of 1261908?
2
What is the thousands digit of 1631203?
1
What is the hundreds digit of 295043?
0
What is the hundreds digit of 271800?
8
What is the hundreds digit of 8580372?
3
What is the hundred thousands digit of 864311?
8
What is the units digit of 4295?
5
What is the hundred thousands digit of 983938?
9
What is the ten thousands digit of 1268734?
6
What is the units digit of 20726240?
0
What is the millions digit of 3650240?
3
What is the millions digit of 1881276?
1
What is the thousands digit of 2570181?
0
What is the millions digit of 4992000?
4
What is the hundred thousands digit of 327626?
3
What is the tens digit of 1980950?
5
What is the units digit of 994833?
3
What is the hundred thousands digit of 6731781?
7
What is the millions digit of 4830119?
4
What is the hundreds digit of 5633658?
6
What is the tens digit of 75596?
9
What is the ten millions digit of 15379981?
1
What is the hundred thousands digit of 394189?
3
What is the hundred thousands digit of 951303?
9
What is the hundreds digit of 3561225?
2
What is the hundreds digit of 126921?
9
What is the units digit of 360446?
6
What is the tens digit of 11836146?
4
What is the ten thousands digit of 35829?
3
What is the units digit of 3865584?
4
What is the tens digit of 1932708?
0
What is the ten thousands digit of 2459529?
5
What is the ten thousands digit of 859214?
5
What is the ten thousands digit of 243426?
4
What is the units digit of 9366365?
5
What is the units digit of 507863?
3
What is the millions digit of 13921633?
3
What is the tens digit of 325178?
7
What is the units digit of 192147?
7
What is the tens digit of 1084396?
9
What is the ten thousands digit of 4361355?
6
What is the units digit of 29035?
5
What is the hundred thousands digit of 1209710?
2
What is the tens digit of 4483095?
9
What is the units digit of 298312?
2
What is the millions digit of 7603108?
7
What is the units digit of 2853273?
3
What is the units digit of 1529954?
4
What is the thousands digit of 19099?
9
What is the hundred thousands digit of 20508055?
5
What is the tens digit of 7965501?
0
What is the ten thousands digit of 8960173?
6
What is the hundreds digit of 1318743?
7
What is the units digit of 322805?
5
What is the thousands digit of 10471099?
1
What is the units digit of 3959753?
3
What is the hundred thousands digit of 3334345?
3
What is the millions digit of 1318430?
1
What is the ten thousands digit of 1428791?
2
What is the tens digit of 66932?
3
What is the hundreds digit of 1462513?
5
What is the units digit of 917666?
6
What is the tens digit of 1284219?
1
What is the units digit of 15070771?
1
What is the ten millions digit of 12129964?
1
What is the units digit of 1361402?
2
What is the thousands digit of 16316135?
6
What is the units digit of 41721?
1
What is the ten thousands digit of 838096?
3
What is the hundred thousands digit of 567234?
5
What is the units digit of 1590323?
3
What is the hundreds digit of 9945580?
5
What is the thousands digit of 774773?
4
What is the hundred thousands digit of 114412?
1
What is the hundreds digit of 346506?
5
What is the units digit of 24796?
6
What is the units digit of 38888?
8
What is the units digit of 6989279?
9
What is the hundred thousands digit of 1280756?
2
What is the ten thousands digit of 17903004?
0
What is the units digit of 4150318?
8
What is the units digit of 1261237?
7
What is the tens digit of 186143?
4
What is the units digit of 18366915?
5
What is the ten thousands digit of 10515693?
1
What is the ten thousands digit of 300766?
0
What is the thousands digit of 1338350?
8
What is the units digit of 625612?
2
What is the tens digit of 265438?
3
What is the thousands digit of 7237492?
7
What is the thousands digit of 232637?
2
What is the thousands digit of 71496?
1
What is the units digit of 36863501?
1
What is the thousands digit of 3209570?
9
What is the units digit of 383151?
1
What is the hundreds digit of 330359?
3
What is the tens digit of 1047814?
1
What is the ten thousands digit of 231852?
3
What is the hundred thousands digit of 148151?
1
What is the tens digit of 472823?
2
What is the ten thousands digit of 3614818?
1
What is the hundreds digit of 857139?
1
What is the units digit of 2599209?
9
What is the ten thousands digit of 1514060?
1
What is the hundred thousands digit of 581884?
5
What is the millions digit of 2294107?
2
What is the ten thousands digit of 68930?
6
What is the hundred thousands digit of 2668610?
6
What is the hundred thousands digit of 221187?
2
What is the ten millions digit of 17830985?
1
What is the hundred thousands digit of 616400?
6
What is the hundreds digit of 299856?
8
What is the thousands digit of 1245316?
5
What is the units digit of 12664?
4
What is the thousands digit of 16712402?
2
What is the tens digit of 216427?
2
What is the units digit of 1465809?
9
What is the hundred thousands digit of 16553292?
5
What is the millions digit of 1172914?
1
What